0. Let u = x + 57. Let h(p) = 2*p**3 + 2*p**2 + 4*p + 2. Calculate h(u).
-14
Suppose -53 + 28 = -5*a. Let t(q) = q**3 - 4*q**2 - 5*q + 6. Calculate t(a).
6
Let h(b) = b - 2. Let j(u) = 2*u - 12. Let x(n) = -3*h(n) + j(n). What is x(-7)?
1
Let h(k) be the first derivative of k**4/6 - 5*k**3/6 + 2*k**2 - 8. Let a(x) be the second derivative of h(x). Give a(5).
15
Let n(q) = -3*q - 3. Let y(l) = l**3 - 13*l**2 + 17*l - 66. Let j be y(12). Calculate n(j).
15
Suppose 0 = r - 10*r + 36. Let w(l) = -6*l + 2*l - 2 + r*l - 4*l. What is w(-3)?
10
Suppose -14 = t + 5*r, 0 = -5*t - 4*r + 8 + 6. Let l = 7 + -5. Let w(i) = t*i + l*i**2 - 10*i**2 - 5*i. Calculate w(-1).
-9
Let q be (1/(-10))/((-4)/40)*-1. Let s(r) = 8*r**3 - 3*r**2 - r + 1. Give s(q).
-9
Let l(y) be the second derivative of 9*y + 1/2*y**2 - 1/2*y**3 + 0. Determine l(-2).
7
Let w(h) = 8*h**2 - 2*h - 1. Suppose -8*f - 62 = -630. Let v = 70 - f. Determine w(v).
9
Let k(v) = 5 - 2*v - 4 + 0*v + v. Let s = -19 - -25. What is k(s)?
-5
Suppose 3*v - 4*j + 3*j = 3, 3*v - 3 = -3*j. Let a(n) = 5*n**2 - v + 8*n + 6*n**3 + 4*n**3 + 5 - 11*n**3. Let s be (12/10)/((-2)/(-10)). Calculate a(s).
16
Let h(x) = -x**3 + 7*x**2 - 2*x + 4. Suppose 114*l - 111*l - 21 = 0. What is h(l)?
-10
Let c(z) = -z**3 - z**2. Let u(f) = 2*f**3 - f**2 - f + 1. Let r(m) = -c(m) - u(m). Let l(q) = 5*q**3 - 12*q**2 + 1. Let n(k) = -l(k) - 4*r(k). What is n(3)?
0
Suppose 3*x = -s + 19, -2*x + 22 = -s + 61. Suppose 7*a - s - 11 = 0. Let j(d) = d**2 - 7*d. Give j(a).
-6
Let p = -4 - 0. Let a(n) = -3. Let r(d) = -d - 5. Suppose -f + 6 - 2 = 0. Let v(b) = f*a(b) - 3*r(b). Give v(p).
-9
Let j(v) = -v + v + 2 - 102107*v**2 - v**3 + 102106*v**2. Suppose -2*q + 5*d = -0*q + 29, -4*q = -d + 13. Determine j(q).
6
Let a = 67 - 11. Let u = 53 - a. Let y(c) = -4*c**3 - c**2 + 4*c - 3. Let n(r) = 3*r**3 - 4*r + 2. Let i(t) = -5*n(t) - 4*y(t). Calculate i(u).
-1
Suppose -3*h + j = -3*j - 15, -2*j + 10 = 2*h. Suppose v + 0*v - 9 = 3*z, -15 = h*v + 5*z. Let c(g) = -2*g**2 + 3*g**2 - g - 4 + v*g**2 - 4*g. Give c(4).
-8
Let m(h) = -2*h - 6 - 11 + 10. Let y be m(-3). Let b(j) be the second derivative of 5*j**3/6 - j**2/2 - j. Calculate b(y).
-6
Let f(m) = -m**2 - 2*m - 2. Let t be 3 + 0 - 5/(15/(-6)). Suppose -5*v = -t*p + 10, 2*p + 11 + 0 = -v. Determine f(p).
-5
Let h(c) = -5 + 0 - c - 3. Suppose 1 = -y + 8. Let f = 7 - y. Calculate h(f).
-8
Let t(k) be the first derivative of k**3/3 - 9*k**2/2 + k - 115. Calculate t(8).
-7
Let w(f) = f + 1. Let x be w(4). Let v(d) = -1 - 1244*d**3 + 1243*d**3 + 6*d**2 - 3*d - 3. What is v(x)?
6
Let i(p) = -2*p + 3. Let b(s) = 34*s - 44. Let k(x) = 2*b(x) + 36*i(x). Give k(8).
-12
Suppose h = -5*a + 17, 0*h + 2 = 2*a + 2*h. Let g be a + 1*(0 - -2). Let p(x) = 5*x**2 + 6*x - 6 - x**3 - 2 - 1. Give p(g).
-9
Suppose 3*c = -i + 5*i + 29, -3*i = 3*c + 6. Let t = -58 + 68. Let q(v) = -24 + 12 + v + t. Give q(i).
-7
Let w(d) = -10*d**3 + 3 + 8*d + 9*d**3 - 2 + 2 - 7*d**2. Let l be (-24)/10*10/3. Give w(l).
3
Suppose -27 = -2*o + 7. Suppose -5*d + 2*i + 18 = -d, -3*d + o = 2*i. Suppose -s - 15 = -5*x, -3*x - d*s + 3 - 22 = 0. Let t(c) = -4*c - 2. Calculate t(x).
-10
Let k(o) = o**3 + 10*o**2 - 2*o + 8. Let x be k(-10). Let m = x - 23. Suppose 3*z - 5*f = 21, -3 = -z - m*f + 4. Let r(l) = -l**2 + 7*l + 2. Determine r(z).
2
Let p(t) = t + 6. Let u be p(-5). Let l be -4 - (1 - (u - 2)). Let v(b) = b**2 + 9*b + 6. Determine v(l).
-12
Let u(k) = k**3 + 6*k + 1. Let x(y) = -y**3 + y**2 - 4*y. Let v(j) = 2*u(j) + 3*x(j). What is v(2)?
6
Let c(z) = -z**3 - 6*z**2 + 6*z - 8. Suppose 25 = b - 0*n + 5*n, n - 5 = 4*b. Let p be 2/((b + -1)*30/105). Give c(p).
-1
Let r(q) = q**2 + q. Let z be (-3 - (-16)/6) + 12/9. Let h(l) = -6*l**2 + l. Let j(w) = z*h(w) - r(w). Calculate j(1).
-7
Let n(a) be the first derivative of a**5/4 - 20*a - 20. Let z(y) be the first derivative of n(y). Let b = -1 + 2. Calculate z(b).
5
Let x(v) = v**2 - 10*v + 4. Let k(s) = -s**3 + 3*s**2 - 6*s + 27. Let y be k(3). Calculate x(y).
-5
Let y(f) = -9*f**3 + 10*f + 9. Let a be y(-1). Let l(r) be the second derivative of -r**3/6 + 7*r**2/2 + 2*r. Calculate l(a).
-1
Let c be 3 + 8/8 + -4. Let l(b) be the third derivative of 0*b + 0 - b**3 + 1/60*b**5 - 1/24*b**4 + b**2. Give l(c).
-6
Let a be 0/8 - -5*1. Let p(y) = 5*y + 2*y - 118*y**2 + 120*y**2 + a. Calculate p(-5).
20
Let i(k) = -k**3 - 13*k**2 - 12*k - 8. Let r = -150 + 138. Determine i(r).
-8
Let u = 1795 + -1794. Let l(j) = 10*j**3 + j**2 - 3*j + 1. Give l(u).
9
Let y(d) be the second derivative of 1/20*d**5 + 3*d**2 + 1/2*d**4 + 0 + 1/6*d**3 - 2*d. Let t(m) = -m**2 + 8*m - 6. Let w be t(0). Determine y(w).
0
Let b(p) = -p**3 + 3*p**2 - p + 1. Let z be b(2). Let l be 3*z/9*3. Let j(n) = -n**l + 2*n**3 + 8*n - 4*n + n**2 + 2 - 5*n. What is j(-2)?
0
Suppose -14*t - 8 - 48 = 0. Let p(f) = f**3 + 7*f**2 + 4*f + 4. Let u(g) = 4*g**3 + 29*g**2 + 17*g + 15. Let i(c) = 9*p(c) - 2*u(c). Determine i(t).
14
Let w(h) be the third derivative of h**8/6720 - h**6/360 - 5*h**4/24 - 18*h**2. Let d(m) be the second derivative of w(m). Determine d(-2).
-4
Let c(l) = 3*l**2 - l + 2. Suppose -4*g - f + 8 = 19, -3*f = -g - 19. Calculate c(g).
54
Let m = -49 - -51. Let v(d) = 6*d + m*d + 12 - 11. Calculate v(-2).
-15
Let s(z) = -5*z**2 + 3*z + 3. Let y(u) = u**3 + 9*u**2 + 4*u - 34. Let n be y(-8). Determine s(n).
-23
Let h(x) = -3*x**2 - 10*x - 10. Let u(f) = f**2 - 12*f + 21. Let d be u(8). Let r(q) = -16*q**2 - 50*q - 50. Let o(l) = d*h(l) + 2*r(l). What is o(-7)?
-11
Let z(i) = -2*i**3 - 10*i**2 - 14*i + 21. Let s(y) = y**3 + 12*y**2 + 15*y - 22. Let q(r) = 3*s(r) + 2*z(r). What is q(17)?
-24
Let f(m) = 2*m - 8. Let a be f(5). Suppose -5*c = -a - 3. Let b(x) = x + 0*x**3 + x - 1 - 2*x**3. Determine b(c).
-1
Let u(o) = o**3 + 17*o**2 + 52*o - 3. Let x be u(-4). Let j(d) = 2*d. What is j(x)?
-6
Let t(m) = -m**2 + 11*m + 8. Let x(f) = 6*f - 75. Let g be x(14). Calculate t(g).
26
Let f be 30/(-12)*2*(-1)/1. Let d(p) = -4*p + f*p - 2*p - 5. Give d(-4).
-1
Let g(y) = -152*y**3 + 151*y**3 + 3*y**2 - 2*y + 8 + y**2 - 4*y**2 + 6*y**2. Let u(z) = -2*z - 4. Let w be u(-5). Give g(w).
-4
Suppose -10*g = -6*g - 4. Let n be g/(-2) - (-42)/28. Let s(b) = b**3 - b**2 + b. Calculate s(n).
1
Let s(c) = -c - 24. Let l be s(-27). Let d(a) = a**3 - 3*a**2 - 3*a + 3. What is d(l)?
-6
Let t(n) be the second derivative of n**5/20 + n**4/2 - n**3/3 - 13*n**2/2 + n - 3. Give t(-6).
-1
Let j(t) = -t**2 + 8. Let m(w) = -1. Let p be (-4)/(-6)*15/10. Let k(v) = p*j(v) - 4*m(v). Let s = -1 + 1. Calculate k(s).
12
Let p(r) = -4*r - 9. Let q be p(-3). Let u(b) = b**3 + 6*b**2 + 11*b + 9. Let m(o) = o**3 + 6*o**2 + 12*o + 10. Let a(s) = q*m(s) - 4*u(s). Determine a(-5).
9
Let a(n) = -n**2 - n + 8. Suppose 2*h + 2*y + 0*y + 12 = 0, 5*h = 5*y - 10. Determine a(h).
-4
Suppose -g - 137 = -3*g - 3*v, 4*v + 20 = 0. Let f(k) = k**3 + 3*k**2 - 2*k**3 - g*k + 74*k + 3. Determine f(2).
3
Let o(u) be the first derivative of -27 + 18*u - 1/4*u**4 + 1/3*u**3 + 0*u**2. Calculate o(0).
18
Let m(a) = 5*a + 7. Let h(y) = 1. Let b(l) = 5*h(l) - m(l). Suppose 5*w + 20 = 0, -5*k + 2*w - 13 + 11 = 0. Calculate b(k).
8
Let w(r) = r**2 - 7*r + 9. Let z be -5 - (0 - -4)*-3. Calculate w(z).
9
Let o(x) = -8*x + x**2 + 5*x**3 + 2*x**2 - 6 - 4*x**3. Suppose -b = -5 + 36. Let v = b - -26. Calculate o(v).
-16
Let a(u) = u**3 + 6*u**2 + 6*u + 4. Let h be 20/55 + (-48)/11. Calculate a(h).
12
Let b(v) = v - 11. Let u(c) = -c + 12. Let g(n) = -6*b(n) - 5*u(n). Let o be (12/(-8))/3*-8. Suppose 5*x + 2*p = -o, 2 + 4 = -4*x - 3*p. Determine g(x).
6
Let x(q) be the first derivative of -1/3*q**3 - q**2 - 17 - 3*q. What is x(-3)?
-6
Let s(o) = -3*o**3 - 1. Let c = -9 - -6. Let w(u) be the second derivative of -u**5/20 - u**4/4 + u**3/3 + 7*u**2/2 - 19*u. Let z be w(c). Determine s(z).
-4
Let n(c) = 13*c**2 + 74*c + 24. Let j(b) = -5*b**2 - 26*b - 8. Let f(d) = -8*j(d) - 3*n(d). Determine f(15).
7
Let f(m) = -m**2 - 10*m - 1. Let v = 239 - 246. Give f(v).
20
Let r(k) = -5*k**3 - 2*k**2 + k. Let x be (-70)/49*28/(-8). Suppose -2*w = -5*y + 3, -2*y - 3*y + x*w = 0. Give r(y).
-6
Let d = -65 + 59. Let j(v) be the second derivative of -7*v**3/6 + 9*v**2/2 + v. Let g(t) = t - 1. Let o(x) = d*g(x) - j(x